. List the prime factors of n.
3, 7, 19
Suppose 1 = -2*b + k, -5*b - 2*k + k = 20. Let r be b + ((-243)/(-3) - -3). Suppose 2*m - 5*x - r = 0, 4*m + 2*x - 147 = -3*x. What are the prime factors of m?
2, 19
Let i(z) = 19*z**2 - 6*z - 23. Let u(q) = 39*q**2 - 11*q - 46. Let v(d) = -11*i(d) + 6*u(d). List the prime factors of v(-4).
13, 29
Suppose 3*m = -i + 19623, 0 = -24*i + 27*i + 3*m - 58893. What are the prime factors of i?
3, 5, 7, 11, 17
Let a be (-10)/(-15) - ((-3576)/9 - -2). Let p = 407 - a. List the prime factors of p.
11
Let n(i) = -5*i**2 - i - 2. Let b be n(-2). Let c(j) = j**2 + 13*j - 37. Let x be c(b). What are the prime factors of (-1)/((-1)/(3/3*x))?
103
Suppose 4*s - 21419 = 17521. What are the prime factors of s?
3, 5, 11, 59
Let y = -188 + 195. What are the prime factors of ((595/20)/y)/((-2)/(-88))?
11, 17
Let u(z) = 2*z**3 - 11*z**2 - 4*z - 9. Let w be u(6). Suppose 2*y = w*x - 70 + 299, 4*x = -2*y + 250. What are the prime factors of y?
7, 17
Suppose 5*w - 2 = 7*w - 2*z, 0 = -4*w + 3*z. What are the prime factors of 20 + (w - (-10)/(-1))?
13
Let g = -539 - -1509. Let m = -482 + g. Let o = -328 + m. List the prime factors of o.
2, 5
Let v(j) = -2*j - 10. Let f be v(-8). Let h = -370 - -373. List the prime factors of (-141)/f*(-12)/9*h.
2, 47
Let c(j) = -20*j - 45. Let k be (0 + (-2 - -3))/((-4)/16). What are the prime factors of c(k)?
5, 7
Let i be (-1)/5 + 1 + 116/(-20). Let s be i/(-1) - 7/(-7). Let f(w) = 5*w**2 - 13*w + 1. What are the prime factors of f(s)?
103
Let z be -94*2/36 - 2/(-9). List the prime factors of 363 - (30/(-6) - z).
3, 11
Let j = -80 - -80. Suppose 3*g + g + 1196 = 4*k, j = -4*g + 20. What are the prime factors of k?
2, 19
Let p = -3087 - -15080. List the prime factors of p.
67, 179
Let r = -174 + 233. Suppose 3189 = 5*p + r. What are the prime factors of p?
2, 313
Suppose 4 = 2*h - 6. Suppose -y + 2*a = -178, h*y - 3*a = -5*a + 938. What are the prime factors of y?
2, 3, 31
Suppose -2892 = -2*f + 23908. List the prime factors of f.
2, 5, 67
What are the prime factors of (-187902)/(-15) - (-582)/485?
2, 3, 29
Let a(u) = -u**2 - 164*u + 923. What are the prime factors of a(-53)?
2, 41, 83
What are the prime factors of 308448/207 - (-2)/(-23)?
2, 5, 149
Let x(y) = 8*y**3 - 5*y**2 + 13. Let s be x(3). Let h = s - -17. List the prime factors of h.
3, 67
Let u(a) = 14*a**3 - 2*a**2 + 8*a - 9. Suppose -4*z + 21 = 3*z. List the prime factors of u(z).
3, 5
Let z(m) = 14*m**2 - 4*m + 6. Let n = -106 - -97. Let l be z(n). List the prime factors of (l/12)/((-4)/(-6)).
3, 7
Let x(t) = -t**3 - 13*t**2 - 13*t + 28. Let u be (-16 - -2) + 5 + -3. What are the prime factors of x(u)?
2, 5
Suppose -191*s + 1043829 = -510911. List the prime factors of s.
2, 5, 11, 37
Let y(u) = 486*u**2 - 111*u - 5. What are the prime factors of y(4)?
17, 431
Let o = -10 + 28. Let u be (-39)/(3 - 56/o). Suppose -2*t - 268 = -5*t - 4*p, 4*t = p + u. What are the prime factors of t?
2, 11
Suppose -2*u = 5*n - 20, 4*n - 22 - 11 = -5*u. List the prime factors of 76/(-266) - ((-4988)/14 - n).
2, 179
Let m(p) = -p**3 + 11*p**2 + 25*p - 23. Let w be m(11). Let r = w + 104. What are the prime factors of r?
2, 89
Let q(j) = 44 - 5*j + 16 + 6 - 16 + 2*j**2. Let x(a) = a**3 - 7*a**2 - a + 13. Let p be x(7). List the prime factors of q(p).
2, 23
Let s(u) = -3*u**2 - 57*u + 5. Let p be s(-19). Suppose 0 = -3*f - 4*d + 2199 + 1099, p*f + 2*d = 5478. List the prime factors of f.
2, 547
Suppose 31*x = 232*x + 25*x - 3399718. What are the prime factors of x?
7, 307
What are the prime factors of (4 + 1 + 7 + -15)*-1434?
2, 3, 239
List the prime factors of 2/((-120)/(-647212)) - (176/30 - 6).
7, 23, 67
Let u(r) = -3*r + 296. Let h be u(23). Suppose -h*p = -222*p - 460. What are the prime factors of p?
2, 23
Let u be (-76 - 8)/((-4)/(-22)). Let s = 666 + u. Suppose 4*y = 4*f - s, 210 = 7*f - 3*f + 2*y. What are the prime factors of f?
2, 13
Let q(a) = -129*a - 2. Let k be q(1). Let j = 68 - k. What are the prime factors of j?
199
Suppose 0 = -5*l + 4*b + 4257, 0 = 11*l - 15*l + 5*b + 3411. Suppose -1851 = -3*a + l. List the prime factors of a.
2, 3, 5
Suppose 42992 + 19089 = 7*j - 12483. What are the prime factors of j?
2, 2663
Let j(l) = 21*l**2 + l - 10. Let w be -20*((-4 - (-31)/4) + -4). What are the prime factors of j(w)?
2, 5, 13
Let w = -61 - -101. What are the prime factors of ((-225)/(-375))/(1/w)?
2, 3
Suppose -363 = 5*p - 4*d + 33, 4*d = 4*p + 316. List the prime factors of (2349/45)/((-2)/(p/12)).
2, 3, 29
Suppose -z = x - 7, -5*z = -5*x + 3 - 58. Let w(m) = -z*m - 31*m - 79 + 78. List the prime factors of w(-2).
79
Suppose 0 = 4*i + i + b - 845, 0 = 5*i - 2*b - 830. What are the prime factors of 9310/6 - (-56)/i?
2, 97
Let m(o) = -3*o - 40. Let u be m(-14). Suppose -4*d + b = -963, 2*d + u*b - 486 = 4*b. List the prime factors of d.
2, 3, 5
Let f = -198 - -555. What are the prime factors of 4*(9/(-21))/((-6)/f)?
2, 3, 17
Let b(s) = -s**2 - 4*s + 4. Let j(x) = x. Let d(g) = 1. Let m(q) = d(q) - 2*j(q). Let h(u) = -b(u) + 6*m(u). List the prime factors of h(9).
11
What are the prime factors of (182346/(-18))/(840/45 + -19)?
30391
Suppose 24*c - 542121 = -85*c + 225457. List the prime factors of c.
2, 7, 503
Let z(o) = 3*o**3 + 5*o**2 + 17*o + 5. Let v be z(-4). What are the prime factors of (-4338)/(-21) - 1 - 75/v?
2, 103
List the prime factors of ((-5513)/745)/((-8)/27070) + (-3)/4.
7, 73
Let h(u) = u**3 + 20*u**2 + 11*u + 6. Suppose 2*i + i = 9, 3*y + i + 42 = 0. Let v be 57*(20/y + 1). What are the prime factors of h(v)?
2, 79
Let f be 2/(3/(132/8)). Let k be (0 - 6/4)*(f + -45). Suppose -g - 3*g = o - 189, g = -o + k. List the prime factors of g.
2, 23
Let c be ((-144)/(-45))/8 - 9544/10. Let w = 1870 + c. List the prime factors of w.
2, 229
Suppose -5*h - 2*z + 49453 = 0, -9896 = -h - 5*z + 4*z. List the prime factors of h.
9887
Let r be (-4)/(-14) + (-4)/((-28)/8419). Suppose -4*f + 3*l + 2263 = 659, 0 = -3*f + 2*l + r. What are the prime factors of f?
401
Let t(w) = -6*w**2 + 10*w - 9. Let y be (36/27)/((-4)/(-18)). Let p be t(y). Let n = 293 + p. List the prime factors of n.
2
Let j = 5326 - 3586. Let p = 902 - j. What are the prime factors of (-20)/(-15) - p/6?
3, 47
List the prime factors of (2 + 511)*(-66 + 83).
3, 17, 19
List the prime factors of (0 - (-1020)/(-16))*(-120)/10.
3, 5, 17
Suppose v + 3 = -5*j, 3*v - 6 = 4*j + 4. Suppose 0 = v*x + 5*q - 2812, -3*x + 4218 = -8*q + 12*q. What are the prime factors of x?
2, 19, 37
Let q = -59 - -498. Suppose 1333 = 3*l + i, 4*i = l - i - q. List the prime factors of l.
2, 3, 37
Suppose 13*l - 81 = -14*l. Suppose -l*g + 3*u = -2415, 5*g - 4013 = -0*g + u. List the prime factors of g.
2, 401
Suppose 748882 = -3841*y + 3866*y - 1127343. List the prime factors of y.
13, 23, 251
Let i = -14470 - -39399. What are the prime factors of i?
97, 257
Let f(m) = m - 162. Let d be f(-25). Let p = d - -692. What are the prime factors of p?
5, 101
Let x(u) = -10*u - 6. Let t be x(-10). Let b be (18/21)/((-12)/(-112)). Let f = t - b. What are the prime factors of f?
2, 43
Suppose -100*b + 155761 + 144939 = 0. What are the prime factors of b?
31, 97
Let m(z) be the second derivative of -z**5/10 - 11*z**4/12 - z**3/3 + 7*z**2/2 - 5*z - 5. Let f = -16 + 10. List the prime factors of m(f).
5, 11
Let x(c) = -40*c - 7. Let v(q) = q. Let t = 18 - 19. Let m(w) = t*x(w) - 6*v(w). What are the prime factors of m(2)?
3, 5
Let v = -2588 + 10610. What are the prime factors of v?
2, 3, 7, 191
Suppose -107*p + 14750 = 2*l - 111*p, 2*p + 14742 = 2*l. What are the prime factors of l?
53, 139
Let b = 3003 - -1211. List the prime factors of b.
2, 7, 43
Let s = 5486 + -981. What are the prime factors of s?
5, 17, 53
Suppose 4*z = 2*h - 18, -z - 18 = -3*h - 2*h. Let d be (-4)/h*(-15)/10 + 54. Suppose -5*f + d = 2*f. What are the prime factors of f?
2
Suppose 0 = 2*g + 83 - 5. Suppose -3*t - 16*y = -21*y - 296, 3*t = y + 292. Let o = t - g. List the prime factors of o.
2, 17
Suppose 6 = -2*d + 5*y, 34 = 9*d - 11*d - 2*y. Let g(n) = n**3 + 16*n**2 - 2*n + 27. What are the prime factors of g(d)?
2, 5, 7
Let b be (4 + -5 + 7)*(-2)/(-4). Suppose 4*p - 2238 = i, p - 81 - 485 = -b*i. List the prime factors of p.
2, 5, 7
Suppose